850
Convert -14b2 (base 12) to base 3.
-10100022
Convert -10211 (base 4) to base 10.
-293
What is -11332333 (base 4) in base 2?
-101111110111111
What is -2622 (base 9) in base 11?
-1526
1239 (base 15) to base 13
19c5
5702 (base 13) to base 15
3915
Convert 5606 (base 10) to base 12.
32b2
-12341 (base 6) to base 13
-b02
-2020000 (base 3) to base 11
-1243
What is -5904 (base 10) in base 7?
-23133
What is 192b (base 12) in base 6?
22055
Convert -a85 (base 15) to base 11.
-186a
Convert b3e2 (base 16) to base 4.
23033202
-1030101 (base 5) to base 14
-655c
What is 30217 (base 9) in base 13?
906a
What is -23607 (base 8) in base 7?
-41334
Convert 210010 (base 3) to base 4.
20322
1111 (base 5) to base 6
420
Convert -4a05 (base 13) to base 12.
-6097
786 (base 12) to base 2
10001010110
What is -22330 (base 7) in base 16?
-1618
Convert -10103 (base 6) to base 7.
-3615
What is -668 (base 14) in base 2?
-10011110100
Convert -32020333 (base 4) to base 11.
-3a574
Convert -20bb (base 13) to base 8.
-10704
What is 321 (base 5) in base 7?
152
Convert 30113 (base 5) to base 10.
1908
Convert 23a (base 11) to base 4.
10131
-522 (base 6) to base 13
-11c
Convert -1391 (base 14) to base 10.
-3459
What is -66330 (base 7) in base 15?
-4ddc
101332 (base 7) to base 12
a034
Convert -537 (base 11) to base 4.
-22011
Convert -4510 (base 12) to base 16.
-1ddc
Convert -12403 (base 7) to base 3.
-11111201
-122413 (base 5) to base 10
-4733
-1001122 (base 3) to base 2
-1100000101
What is -681 (base 12) in base 13?
-58c
Convert -214 (base 14) to base 15.
-1c5
What is -11 (base 15) in base 7?
-22
-14131 (base 10) to base 3
-201101101
What is -420 (base 12) in base 6?
-2440
-9c (base 14) to base 4
-2022
Convert 117 (base 8) to base 14.
59
-1011010010 (base 2) to base 12
-502
Convert -53042 (base 8) to base 13.
-a062
What is de (base 16) in base 6?
1010
101111 (base 2) to base 4
233
What is 15b4 (base 15) in base 13?
2182
-19848 (base 10) to base 12
-b5a0
What is 672 (base 16) in base 2?
11001110010
Convert 4216 (base 13) to base 7.
35443
What is -1308 (base 16) in base 13?
-22aa
3125 (base 10) to base 3
11021202
What is 7509 (base 12) in base 2?
11001000011001
What is -b666 (base 12) in base 14?
-73b0
Convert -f6 (base 16) to base 4.
-3312
Convert -5522 (base 8) to base 12.
-1816
Convert -2039 (base 10) to base 7.
-5642
-311233 (base 4) to base 2
-110101101111
What is 39dd (base 14) in base 2?
10011111001111
What is -1520 (base 6) in base 10?
-408
Convert 102000 (base 3) to base 9.
360
Convert 366 (base 11) to base 16.
1b3
-1506 (base 7) to base 10
-594
66b (base 13) to base 8
2117
What is -15e (base 15) in base 2?
-100111010
Convert 37a (base 13) to base 16.
260
230122 (base 4) to base 16
b1a
222201211 (base 3) to base 9
28654
What is a17 (base 11) in base 7?
3403
Convert -1da (base 16) to base 14.
-25c
2891 (base 10) to base 7
11300
What is 5120 (base 6) in base 12?
7a0
What is -331 (base 13) in base 4?
-20203
Convert 271 (base 11) to base 10.
320
What is -b2 (base 12) in base 3?
-11222
What is 421 (base 14) in base 8?
1455
What is 20740 (base 8) in base 12?
5028
257 (base 9) to base 4
3112
2012 (base 5) to base 14
145
What is 1136 (base 9) in base 15?
3b3
What is 4444 (base 5) in base 15?
2b9
What is 10311232 (base 4) in base 8?
46556
3216 (base 10) to base 9
4363
8b (base 13) to base 10
115
Convert 553 (base 8) to base 16.
16b
What is -10313 (base 6) in base 14?
-72d
What is 743 (base 9) in base 8?
1136
-2b35 (base 13) to base 15
-1cec
Convert 6078 (base 9) to base 7.
15650
What is 2103 (base 4) in base 2?
10010011
What is 5c (base 16) in base 12?
78
What is -31902 (base 10) in base 14?
-b8aa
Convert 100113 (base 4) to base 11.
872
What is a05a (base 16) in base 12?
1b90a
-2342 (base 5) to base 3
-110212
Convert 11525 (base 9) to base 11.
5887
2392 (base 16) to base 5
242411
-10201222 (base 3) to base 13
-1319
Convert 50322 (base 6) to base 16.
19ca
What is -1048 (base 14) in base 10?
-2808
Convert -21420 (base 5) to base 3.
-2001000
What is 8f61 (base 16) in base 7?
212004
What is 126 (base 14) in base 2?
11100110
What is -1347 (base 9) in base 15?
-47a
Convert 1626 (base 8) to base 7.
2451
Convert -212214 (base 5) to base 8.
-16020
What is -114a (base 11) in base 12?
-a56
Convert 286 (base 12) to base 4.
12012
Convert 620 (base 9) to base 11.
419
Convert -4100 (base 11) to base 9.
-7420
What is -110221202 (base 3) in base 5?
-300233
What is -1130 (base 6) in base 16?
-10e
Convert 2b71 (base 12) to base 3.
21000211
Convert -42412 (base 7) to base 13.
-4a14
-1145 (base 13) to base 14
-c51
What is 1243340 (base 5) in base 15?
7565
What is 2030330 (base 4) in base 15?
2a15
What is -1222 (base 11) in base 6?
-11221
What is 236 (base 12) in base 14?
198
-7b9 (base 13) to base 11
-1004
Convert -373 (base 15) to base 2.
-1100001111
193 (base 10) to base 9
234
Convert 12324 (base 5) to base 6.
4244
34411 (base 5) to base 16
9b1
-12211 (base 3) to base 16
-9d
-33110 (base 5) to base 12
-13a0
What is -23 (base 13) in base 15?
-1e
What is -22ba (base 13) in base 9?
-6627
-1001101101000 (base 2) to base 16
-1368
Convert 214233 (base 5) to base 4.
1310103
What is -28868 (base 9) in base 12?
-b468
Convert 110111101 (base 2) to base 7.
1204
Convert 17464 (base 8) to base 10.
7988
-275b (base 13) to base 11
-427a
1a2 (base 11) to base 4
3221
Convert -52c (base 14) to base 7.
-2655
What is -27b (base 14) in base 13?
-2c7
Convert -1630 (base 7) to base 15.
-2dd
2203 (base 8) to base 16
483
What is -51372 (base 8) in base 6?
-242202
What is -11103031 (base 4) in base 12?
-10691
What is -1313113 (base 4) in base 15?
-23e4
Convert -35062 (base 9) to base 12.
-11648
What is 16976 (base 10) in base 3?
212021202
What is -1456 (base 7) in base 3?
-210111
What is 3bd (base 15) in base 16?
355
What is -d69a (base 14) in base 12?
-194a0
What is 1101230 (base 4) in base 11?
3a23
2314 (base 7) to base 5
11334
What is -d042 (base 15) in base 11?
-30013
What is 15025 (base 8) in base 13?
3068
-4244 (base 8) to base 6
-14124
What is 10168 (base 9) in base 5?
203304
What is 12023 (base 5) in base 8?
1570
What is -4d1 (base 15) in base 6?
-5024
What is -1101010 (base 3) in base 15?
-46c
Convert 6205 (base 10) to base 4.
1200331
Convert 38c (base 15) to base 2.
1100100111
Convert -15496 (base 11) to base 16.
-557d
Convert -16226 (base 7) to base 8.
-10741
Convert 47 (base 8) to base 14.
2b
Convert -2b10 (base 14) to base 16.
-1dea
What is -752 (base 12) in base 10?
-1070
Convert 1270 (base 11) to base 9.
2233
-12000 (base 5) to base 6
-4015
15123 (base 7) to base 14
174a
What is 65 (base 12) in base 6?
205
What is 1010011111110 (base 2) in base 13?
25a5
Convert 459 (base 15) to base 3.
1100110
What is 2ca0 (base 15) in base 14?
36da
What is 25474 (base 8) in base 10?
11068
Convert -1000112211 (base 3) to base 7.
-112360
Convert -24013 (base 8) to base 9.
-15050
What is -a24 (base 12) in base 7?
-4165
200044 (base 6) to base 8
36334
Convert -101332 (base 5) to base 2.
-110100001110
Convert -604 (base 8) to base 13.
-23b
Convert b0a (base 14) to base 16.
876
What is -29 (base 16) in base 2?
-101001
Convert 617 (base 9) to base 6.
2154
-1556 (base 7) to base 4
-21311
What is -16663 (base 7) in base 5?
-123143
100210011 (base 3) to base 4
1233130
Convert -11210112 (base 3) to base 11.
-269a
What is -101377 (base 9) in base 5?
-3410331
1e2b (base 16) to base 4
1320223
Convert -813 (base 16) to base 11.
-160a
What is 10010010110100100 (base 2) in base 7?
432106
Convert -33571 (base 8) to base 11.
-a740
3a7 (base 11) to base 12
340
-25102 (base 7) to base 5
-202233
d9a5 (base 15) to base 10
46055
Convert -243 (base 7) to base 10.
-129
112222 (base 3) to base 14
20c
Convert -11323 (base 11) to base 14.
-5d68
2eea (base 16) to base 13
560b
Convert -10100110 (base 2) to base 16.
-a6
Convert 2132 (base 6) to base 15.
228
Convert -10883 (base 9) to base 10.
-7284
-371 (base 8) to base 11
-207
Convert -473 (base 15) to base 8.
-1760
What is -1000011110 (base 2) in base 10?
-542
What is -1311120 (base 4) in base 2?
-1110101011000
Convert -aaa (base 11) to base 2.
-10100110010
1412 (base 7) to base 13
332
What is 2300 (base 8) in base 7?
3355
What is 506 (base 12) in base 11?
600
What is 22020 (base 3) in base 7?
435
What is